et z = 8 + -4. Suppose 2*m + 5*a - 20 = 137, 0 = -4*m - z*a + 284. What is the units digit of m?
6
Suppose 0 = 4*i - q - 3258, 1620 = 2*i - 7*q + 2*q. What is the units digit of i?
5
Let p = 1434 - 316. What is the hundreds digit of p?
1
Suppose -7*p = -5*p. Suppose p = -w + 73 - 22. Suppose 0 = -2*t - 3*c + w, 4*c - 100 = -2*t - 2*t. What is the tens digit of t?
2
Suppose 4*g = p + 20, -3*g + 8*g - 34 = -p. Suppose -3*b + b + 2*f + g = 0, -2*b - f = -21. What is the tens digit of -5 + b + (-16)/(-2)?
1
Suppose n + 18 = 2*g - n, g - 2*n = 9. Let s = -9 + g. Suppose s = v - x - 9, -2*v - 2*x + x = -6. What is the units digit of v?
5
Suppose 0 = o + 2*h - 1536, 11*h - 8*h = 3*o - 4626. What is the thousands digit of o?
1
Suppose 7*a = 2*a - n + 100, -3*n = 0. Let h be (-84)/(-9) + (-4)/12. Suppose -a = -10*i + h*i. What is the tens digit of i?
2
Suppose 3*y - 3*i = 39, 4*y + i - 64 = -i. Let a = y + -17. Let r(z) = 3*z**2 + 2*z + 2. What is the tens digit of r(a)?
1
Suppose -2*x - 10 + 20 = 0. Suppose 7*r - 16 = 3*r, x*a - 210 = 5*r. What is the tens digit of a?
4
Let s = -261 - -479. Suppose 14*v - s = 482. What is the tens digit of v?
5
Let s(f) = f**2 - 19*f - 100. What is the units digit of s(-18)?
6
Suppose -5*m - 3*m = 0. Suppose m*a = -4*a + 124. What is the tens digit of a?
3
Suppose 8*q - 15 = 1. Suppose -42 - 6 = -q*l. What is the units digit of l?
4
Let k be 2/2 - -2 - 0. What is the tens digit of (1 + -2)*-37 - k?
3
Suppose -5*g + 242 = -11*w + 10*w, -2*g = 5*w - 113. What is the tens digit of g?
4
Let o be -12 + (10/(-15))/(4/(-18)). What is the tens digit of (-4)/6*(o - -4 - 301)?
0
Let t = -1114 - -1602. Suppose -t - 160 = -6*x. What is the hundreds digit of x?
1
Suppose -8*n - 6 + 126 = 0. What is the units digit of n?
5
Suppose 0*y + 4 = y + s, -12 = -5*y + 3*s. Suppose -4*b + 17 = 2*v - v, v = -y*b + 14. Suppose b*p + 4 = -0*i + i, -2*p + 10 = 0. What is the units digit of i?
9
Let j(f) = 2*f**2 + 6*f + 4. Let u(o) = -o**3 + 6*o**2 + 5. Let w be u(6). Let m be j(w). Let g = -46 + m. What is the units digit of g?
8
What is the thousands digit of (-11)/(-66) + (3 - 34316/(-24))?
1
What is the hundreds digit of 528 + (49/(-7) - 0)?
5
Let n = 38 + -48. What is the units digit of 1/2 - 1205/n?
1
Suppose -w = -114*d + 110*d + 14268, 3*d - w = 10701. What is the units digit of d?
7
Let g = 53 - -19. Let s = 16 - 8. Suppose -s*l + 10*l = g. What is the units digit of l?
6
What is the thousands digit of (18894/(-235))/((-3)/130)?
3
Let q be (-4)/(-3)*957/22. Suppose -c + 3*f = -q, 3*c - 198 = -0*c - 3*f. What is the units digit of c?
4
Let g be 116/(-5) + 1/5. Let r(i) = -5*i - 37. Let j be r(-15). Let y = g + j. What is the units digit of y?
5
Let n(h) be the first derivative of 5*h**2/2 + 6*h + 5. What is the units digit of n(8)?
6
Let s(b) = -13*b + 282. What is the hundreds digit of s(-40)?
8
Let b(y) = 88*y**3 - y**2 + 15. What is the hundreds digit of b(2)?
7
Suppose -4*k - 65*v + 11090 = -64*v, 5*k - 13866 = -3*v. What is the hundreds digit of k?
7
Suppose -a - d = -4 + 3, -2*a - 3*d - 3 = 0. What is the units digit of (-1)/(-4) + a/8 - -78?
9
Let d be -3 + -4*15/(-12). Suppose -3*q - d*c = c - 180, -2*c - 2 = 0. What is the tens digit of q?
6
Let u(a) = 31*a + 75. What is the hundreds digit of u(13)?
4
Let m be 74/14 + (-4)/14. Suppose -4*s + 7*s + l - 27 = 0, -4*l = m*s - 38. What is the units digit of 40/12*24/s?
8
Let b(o) = 4*o**2 + 9*o + 11. Let d be b(-13). Suppose 0 = -10*y + d + 670. What is the tens digit of y?
2
Let a be -3*1/(-6)*64. Suppose 57 = x - 7. Let q = x - a. What is the units digit of q?
2
Suppose -2*v - 280 = 4*f, 2*f - 5*v - 49 = -165. Let y = -28 - f. What is the units digit of y?
0
Let a(m) = 3*m**3 - 3*m - 3*m**2 + 4*m + 0*m - 5*m**3 - 7. What is the tens digit of a(-3)?
1
Let y(m) = -220*m + 10. Let k be y(-3). Suppose -g + k = 4*g. Let v = g + -78. What is the units digit of v?
6
Let a(b) = 49*b**2 - 23*b + 1. What is the units digit of a(-3)?
1
Suppose 5*j - 27*w + 23*w = 210, 168 = 4*j + 4*w. Let z = 159 - 93. Let a = z - j. What is the units digit of a?
4
Let v = -9 - -31. Suppose 0 = -f - 0*n - 5*n - 18, 5*f = 3*n + v. Suppose 0 = 4*d - 5*y - 109, -f*y + 43 = 3*d + 2*y. What is the units digit of d?
1
Let m(o) = -93*o**2 + 87*o - 16. Let z(b) = -23*b**2 + 22*b - 4. Let k(y) = 2*m(y) - 9*z(y). What is the hundreds digit of k(4)?
2
What is the tens digit of 10*((-1)/(-1) - 11271/(-78))?
5
Let u be -3*5/((-10)/54). Let j = -27 + u. What is the units digit of j?
4
Let t(k) = -k - 6. Let q be t(-4). Let d be 25/(-10) + q/4. What is the units digit of (-1)/(-1) - (d + 0)?
4
Suppose 0 = 5*o - 70 - 30. Suppose 0 = u + x - 48, -x = 4*x + o. Suppose 2*q - q - u = 0. What is the units digit of q?
2
Suppose -2*y - y = -1038. Suppose 4*i + 0*q - y = 5*q, 5*q = i - 94. Suppose 2*t + 8 = i. What is the units digit of t?
8
Suppose 3*g + 6*m - 3*m + 54 = 0, -5*m = 3*g + 58. Let p(v) = -3*v - 22. Let h be p(g). Suppose 0 = -w + 91 - h. What is the units digit of w?
5
Let v(q) = 5*q**2 - 2*q + 2. Let a be v(2). Let h be 2*(-3)/a*0. Suppose 4*u - u - 33 = h. What is the units digit of u?
1
Suppose 3*j + 37 = -4*l + 349, -j = 4*l - 104. Let m = 192 - j. What is the units digit of m?
8
Suppose 4*q + 630 = 7*q. Let d = -132 + q. What is the tens digit of d?
7
Let a = 125 - 93. What is the units digit of a?
2
Let v(j) = -j**2 - 23*j - 30. Let r be v(-21). Let m(g) = 14*g + 33. What is the hundreds digit of m(r)?
2
Let v be (-322)/(-10) - (-4)/5. Let k = v + -33. Suppose q + o + 4*o - 22 = k, 4*o + 123 = 3*q. What is the tens digit of q?
3
Let p(n) = 6*n. Let u(r) = 6*r + 1. Let g(i) = 6*p(i) - 5*u(i). Let d be 9/15 - 36/10 - -6. What is the units digit of g(d)?
3
Suppose 21*n - 19*n = 6. Suppose -4*u - n*v + 348 = -u, -3*v + 6 = 0. What is the hundreds digit of u?
1
Let x = -127 - -755. What is the hundreds digit of x?
6
Let w = 7 - -2. Let d(k) = k**3 - 8*k**2 - 10*k + 11. Let q be d(w). What is the units digit of (-2)/q + (5 - -1)?
5
Let o = -337 - -107. Let t = o - -455. What is the units digit of t?
5
Suppose -k + 4*l - 466 = -6*k, k = -5*l + 89. Suppose -2*g + 368 = k. What is the tens digit of g?
3
What is the tens digit of 1 - 8 - (-3212)/11?
8
Suppose -291 = -9*i + 6. What is the tens digit of i?
3
Let l = 2341 - 1349. What is the hundreds digit of l?
9
Suppose j + 4 = 22. What is the units digit of j?
8
Let i(v) = v**2 + 3*v - 8. Let t be i(-6). Let m = t + -6. Suppose 3*n + 3*c = 69, 73 = 4*n - c - m. What is the tens digit of n?
2
Suppose 238 = 8*a - a. Suppose 5*w - 2 = 8. Suppose -a = -2*q + w. What is the tens digit of q?
1
What is the hundreds digit of 60/(-40) - 4862/(-4)?
2
Let p(x) = -7*x - 10. Let u be p(3). Let g = -26 - u. What is the units digit of 1/(-3)*(-930)/g?
2
Let h = 107 - 126. Let a(i) = -i**3 - 18*i**2 + 18*i + 14. What is the tens digit of a(h)?
3
Suppose -36 = 2*k + 24. Let t = -15 - k. What is the units digit of t?
5
Let z be 6/(8/((-4)/(-1))). Suppose z*i = -3*v + 2*i - 68, -5*v = 4*i + 104. What is the units digit of 0 - ((0 - -3) + v)?
1
Suppose -2*a - a = -468. Let h be 2/9 + a/27. What is the units digit of (h/(-5))/(1/(-30))?
6
Let g = 340 - 178. Let m = g + -60. What is the units digit of m?
2
What is the hundreds digit of ((-208)/(-260))/((-4)/(-1030))?
2
Let d = 1626 - 911. What is the hundreds digit of d?
7
Let h(k) = -17*k - 5. Let n = -22 - -18. What is the units digit of h(n)?
3
Suppose 2*y - 5*z - 7781 = 0, 33*z - 37*z - 20 = 0. What is the hundreds digit of y?
8
Suppose 0 = 8*j - 0*j - 72. Let h = 191 - j. What is the units digit of h?
2
Let u(o) be the third derivative of -o**5/60 + 5*o**4/6 + 5*o**3/2 - 34*o**2. What is the hundreds digit of u(11)?
1
Let r be (6/15)/(2/10). Let j be (-1548)/(-24) + 1/r. Suppose 4*y + j = 3*x, -2*y = -x - 0*y + 21. What is the tens digit of x?
2
Let q be 89 + (2/(-8))/(1/(-4)). Suppose -246 = -3*n + q. What is the units digit of n?
2
Suppose 0*k + k = 28. Let l = 2036 + -2034. Suppose -26 = -4*u + n, 2*u + l*u - k = 2*n. What is the units digit of u?
6
Suppose -7*b + 2*j - 813 = -8*b, -2411 = -3*b + j. What is the hundreds digit of b?
8
Let g be (-28)/6*(-54)/63. Suppose -3*y - u = -195, g*y - 2*u - 270 = -0*y. What is the units dig